is -a3596 - -40?
-a3556
In base 5, what is 20 - -313043124?
313043144
In base 6, what is 23031 + -313102?
-250031
In base 3, what is 2201 + -201100222?
-201021021
In base 5, what is 143 - 3044020030?
-3044014332
In base 4, what is -210 - -2110321101?
2110320231
In base 15, what is 15bac3 - 14?
15baae
In base 12, what is -b3312 - 124?
-b3436
In base 4, what is -33121211 + 12211?
-33103000
In base 11, what is -70260 + 4699?
-66672
In base 8, what is 150 + 7673?
10043
In base 6, what is -23445023350 - 2?
-23445023352
In base 11, what is 360 - -20323?
20683
In base 3, what is 1212102021020 + -100010?
1212101221010
In base 11, what is 3 - 122064157?
-122064154
In base 11, what is -a67 - -1924?
968
In base 5, what is -322 - 14421112?
-14421434
In base 7, what is 2162 + 2062353?
2064545
In base 6, what is 324325331 + -11?
324325320
In base 7, what is -51016015 + -205?
-51016223
In base 9, what is -1 + -4802745?
-4802746
In base 8, what is 26100 + 25?
26125
In base 15, what is -9 - 37dcd4?
-37dcdd
In base 4, what is 200332013003 + -12?
200332012331
In base 15, what is -68e - 141cd3?
-142472
In base 13, what is -80a444 - -19?
-80a428
In base 4, what is 2310320 + 102210?
3013130
In base 3, what is 220220222011212 + 1010?
220220222012222
In base 15, what is -2305 - -36b3?
13ad
In base 15, what is -1c575 + 60?
-1c515
In base 10, what is -18998115 + 6?
-18998109
In base 15, what is -6c0 - -573a?
506a
In base 3, what is 11221112 + 1022221222?
1111220111
In base 11, what is -13850 - 990?
-14730
In base 2, what is 1000110110110010100101001 - 101010?
1000110110110010011111111
In base 8, what is 1020 + 21344?
22364
In base 9, what is 117268037 - 6?
117268031
In base 15, what is ddedd48 + -3?
ddedd45
In base 9, what is -24 - 5214357?
-5214382
In base 2, what is 11011111100 - -1001000010011?
1100100001111
In base 14, what is -19156 + -1da0?
-1b116
In base 16, what is 40b8ab - -20?
40b8cb
In base 7, what is 5 - 145231226?
-145231221
In base 15, what is 26a + 7cb?
a46
In base 2, what is -110101111101010001000001 - -1000001?
-110101111101010000000000
In base 15, what is 0 - -219215?
219215
In base 7, what is -35245464 + -4?
-35245501
In base 15, what is 5 + -925328?
-925323
In base 10, what is -164504059 + 0?
-164504059
In base 13, what is -27 - -2067cb?
2067a4
In base 7, what is -14306266 + -31?
-14306330
In base 10, what is -989 + 84?
-905
In base 2, what is 11010001100111110000101111 + 0?
11010001100111110000101111
In base 11, what is 6 - 19736464?
-19736459
In base 3, what is 2020211222002 - 10112?
2020211211120
In base 11, what is -1 + 1330004?
1330003
In base 12, what is -47923a7 + 2?
-47923a5
In base 4, what is 211021030 + -211?
211020213
In base 11, what is -1 - -938390?
93838a
In base 2, what is -100111111100000 + 10110110100?
-100101000101100
In base 5, what is -4204030 + 21101?
-4132424
In base 6, what is 3334 + 31345?
35123
In base 2, what is -11000001110 + -10010100110101?
-10101101000011
In base 3, what is -12 + 20201222002101120?
20201222002101101
In base 7, what is 1323012 + -4?
1323005
In base 12, what is -1170 + -2643?
-37b3
In base 7, what is 400 + 12531503?
12532203
In base 2, what is 10100000100011010100 - 1110110111?
10100000010100011101
In base 2, what is 11 + -101100001100111001010100?
-101100001100111001010001
In base 13, what is -b2 + 659875?
659793
In base 15, what is 11815 - a2?
11763
In base 8, what is -14155 - -401056?
364701
In base 5, what is 0 - 1230041214?
-1230041214
In base 13, what is 96a + 121c8?
12b65
In base 8, what is 2 - 5765746?
-5765744
In base 2, what is -1100101000111000001 + 1000100?
-1100101000101111101
In base 10, what is -5 + -219709262?
-219709267
In base 2, what is -100010111101 + -10011011?
-100101011000
In base 6, what is 1553 - -415344?
421341
In base 5, what is -111021223 + 14?
-111021204
In base 4, what is -100002122320 + -11?
-100002122331
In base 3, what is -120102201 + 102011?
-120000120
In base 12, what is 2a0292 - -32?
2a0304
In base 4, what is 120 - -1302131122131?
1302131122311
In base 5, what is 441244034 - -41?
441244130
In base 5, what is 102034 - 10201?
41333
In base 6, what is -421510 + 2252?
-415214
In base 14, what is 20cd + -6451?
-4362
In base 12, what is 271284898 - -2?
27128489a
In base 3, what is -2222022202011 + -1?
-2222022202012
In base 8, what is 33105 - 7511?
23374
In base 10, what is 4441 - 22762?
-18321
In base 14, what is -2 + 288508?
288506
In base 10, what is -122459 + -282?
-122741
In base 7, what is 15461641 - -5?
15461646
In base 2, what is 1000101001101010101100 + 100?
1000101001101010110000
In base 2, what is -110011 + -11101111100101001?
-11101111101011100
In base 5, what is -203113244234 + 3?
-203113244231
In base 9, what is 7482 - -1448?
10041
In base 12, what is 1123 + 37b9?
4920
In base 3, what is -210212002111222 - 0?
-210212002111222
In base 8, what is -656053607 + 0?
-656053607
In base 7, what is 1330113222 - 4?
1330113215
In base 8, what is 27110 - -156?
27266
In base 5, what is -313001123 - 1?
-313001124
In base 5, what is 2323040032 - 32?
2323040000
In base 2, what is -100010101000000111 - 1100111?
-100010101001101110
In base 7, what is -1042554 - -1633?
-1040621
In base 5, what is 24 - -3124400?
3124424
In base 12, what is 22a28 + 58?
22a84
In base 2, what is -11000 + 110111000010001101?
110111000001110101
In base 12, what is 1428370 + -16?
1428356
In base 13, what is 8 - -12469c8?
1246a03
In base 2, what is 11101000101000001100 - 11011?
11101000100111110001
In base 11, what is -29383 - -2532?
-26951
In base 7, what is 201512 + -324?
201155
In base 13, what is 53 - 14b4a?
-14ac7
In base 9, what is -681316 - 30?
-681346
In base 7, what is -233 + -20604322?
-20604555
In base 8, what is 777323 - 3026?
774275
In base 7, what is 3043521 - -11?
3043532
In base 12, what is -167a4b + b?
-167a40
In base 13, what is 42 - -37b61?
37ba3
In base 12, what is -32464a42 - -3?
-32464a3b
In base 4, what is -2022003 - 1001231?
-3023300
In base 10, what is 4253 - 9628?
-5375
In base 11, what is -129352962 - 2?
-129352964
In base 15, what is 16d8d - -b7?
16e55
In base 9, what is -11071214 - -1?
-11071213
In base 15, what is 1c1dc + 16?
1c203
In base 5, what is -4 - -101434134?
101434130
In base 14, what is 8786 - -da58?
18400
In base 13, what is -19 + -70040?
-70059
In base 12, what is -846 - 107875?
-1084bb
In base 10, what is 574 + 795?
1369
In base 5, what is 3222114 - -314?
3222433
In base 7, what is -11030260 - -114?
-11030143
In base 4, what is 11212213013000 - 3?
11212213012331
In base 13, what is 49433 - 101?
49332
In base 14, what is 3753bd - 2c?
375391
In base 4, what is -11 - 10231022013?
-10231022030
In base 6, what is 0 - 10334002?
-10334002
In base 15, what is -74685b - -85?
-7467c6
In base 5, what is 1130103342330 - 2?
1130103342323
In base 12, what is 2229720 - 8?
2229714
In base 3, what is -1 + -1022121211110011?
-1022121211110012
In base 5, what is -403 + -10113202024?
-10113202432
In base 3, what is 1012122220 + -22?
1012122121
In base 12, what is -9b + -294519?
-2945b8
In base 15, what is 411 + 2d3eb?
2d80c
In base 11, what is -177919 + -3968?
-180786
In base 10, what is -1228 + -104140?
-105368
In base 7, what is -41 + 12240?
12166
In base 2, what is -1100110110001001 + -101?
-1100110110001110
In base 5, what is -132 - -141213340?
141213203
In base 3, what is -10 + 11102101100020?
11102101100010
In base 10, what is 17178337 + -6?
17178331
In base 6, what is 3 - 41511553122?
-41511553115
In base 4, what is -12110131 - 0?
-12110131
In base 7, what is 34203 - 602365?
-535162
In base 11, what is 1864 + -1403?
461
In base 14, what is 149 - -85d8a?
860d5
In base 2, what is 11 + -100101011001000000110110111?
-100101011001000000110110100
In base 13, what is 12 + 428319?
42832b
In base 12, what is -9473 - 5487?
-1293a
In base 3, what is -1110112 - 2102111110120?
-2102112221002
In base 8, what is 6 + -1506446077?
-1506446071
In base 8, what is -572 - 66527?
-67321
In base 13, what is 12c8987 + 2?
12c8989
In base 16, what is 3 - -90f456?
90f459
In base 8, what is -16716133310 + -4?
-16716133314
In base 6, what is -4 + -14532001?
-14532005
In base 3, what is -1 - -10202020120221200?
10202020120221122
In base 9, what is -12 + 848053?
848041
In base 7, what is 104443210 + 3